l + -6. Calculate the highest common factor of m and 5.
5
Let j(u) = 24*u**2 + 9*u**2 - 9*u**2. Let s be j(2). Let o be (-3)/4 + 0 - ((-2295)/4)/45. Calculate the highest common divisor of o and s.
12
Suppose 36*l - 151956 = -90*l. Calculate the greatest common factor of l and 938.
134
Let r = 19 + -1. Suppose 25*l - 324 = 43*l. Let f be (-15)/(-7 + (-81)/l). Calculate the highest common factor of f and r.
6
Let w be ((-2)/3)/(3/(-108)). Suppose -211*k - 408*k + 25*k = 145*k - 5912. Calculate the highest common divisor of k and w.
8
Suppose 0 = -17*s - 71 + 156. Suppose -2*r = -r - 3. Suppose s*a = 2*a - 2*m + 53, 0 = r*a - 5*m - 25. Calculate the highest common factor of a and 165.
15
Suppose -p + 2*k = -13241, -14870 = -4*p + k + 38059. Calculate the greatest common factor of 101 and p.
101
Let n be ((-2)/6)/((-7)/(-21)). Let k be ((-2)/5)/((1/60)/n). Suppose 4*g - 8*g + k = -5*u, g - 5*u = -9. Calculate the highest common factor of 44 and g.
11
Let l(o) = 2*o**3 + 5*o**2 - 3*o. Let d be l(2). Let b(s) = -17*s - 247. Let r be b(-26). What is the highest common divisor of r and d?
15
Suppose -147667 - 42405 = -39*b + 26495. What is the greatest common factor of b and 18?
9
Let d be (-53 + (7 - 7))/(-2 + 1). Let s = -400 - -570. Suppose 5*h + d - 160 = -4*j, h + s = 5*j. Calculate the highest common divisor of j and 11.
11
Let c be (-2)/(-7) + (-130)/(-35) + 3. Calculate the highest common divisor of c and 4613.
7
Let k = -297 + 321. Suppose -k*m + 25*m = 77. Calculate the highest common divisor of 616 and m.
77
Suppose -6*d + 11*d - 25 = 0. Suppose 3*p = d*m - 82, 2*m + 3*p - 62 = -25. What is the greatest common factor of 34 and m?
17
Suppose -5*p - 1 = -6*p, -r - p = -3. Suppose 5*q - 4*j = 896, -2*q - r*q + 4*j = -720. Calculate the highest common factor of q and 8.
8
Suppose -5*p = -4*k - 4436, -3*k + 1115 = 3*p - 1525. Let u = 886 - p. What is the highest common divisor of u and 2?
2
Let i be (0 + (-18)/4)/((-15)/200). Suppose -i = 9*q + 174. Let u be q/(-3) - 3/((-63)/7). What is the greatest common divisor of 90 and u?
9
Let f(u) = u + 35. Let b = 958 - 955. Let x be f(b). Calculate the highest common divisor of x and 760.
38
Let b = -51 + 52. Suppose -3*j + 13 = b. Suppose 3*c - 11 = -j*f, 3*c - 42 + 11 = f. What is the highest common divisor of c and 18?
9
Let w(g) = 3*g**2 - 7*g - 49. Let u be w(6). Suppose -10935 = -28*x - u*x. What is the highest common factor of 27 and x?
27
Let b(h) = 8*h**2 + 13*h - 3. Let s be b(-2). Let w be 12*s/9 - -19. Calculate the greatest common factor of w and 23.
23
Let s be 174/9 - 8/(-12). Let r(n) = -n**3 + 5*n**2 + 16*n + 10. Suppose 14*b = -4 - 66. Let y be r(b). Calculate the highest common factor of y and s.
20
Suppose 173*m - 178*m + 140 = 0. Let q be ((-28)/10)/((-1)/20). Calculate the greatest common divisor of m and q.
28
Let m be ((-6)/36)/(3/(-18)). Let y be (322/(-184))/(m/16*-2). What is the greatest common factor of y and 14?
14
Suppose -118 = -q + h - 41, -3*q - 4*h = -231. Calculate the highest common factor of 2 and q.
1
Suppose 0 = 5*p - 4*p + 1011. Let z be (-1)/2 + p/(-6). Let y be (-84)/(-72) - (-2261)/114. What is the highest common factor of y and z?
21
Suppose 41*j = -48*j + 93*j. Suppose j = 14*c - 159 - 79. Suppose -16 = 4*a, 2*l - 3*a - 182 = -3*l. What is the highest common divisor of l and c?
17
Let n(h) = 51*h. Suppose 4 = 9*i - 13*i. Let w be n(i). Let x = -42 - w. Calculate the highest common factor of x and 1.
1
Suppose -m = -4*m + 15. Let i(g) = 5*g + g + 8*g + g**3 - 8 - 3 - 6*g**2. Let q be i(m). What is the highest common divisor of 374 and q?
34
Let t = -7 - -3. Let r(s) = -5*s - 19. Let q(i) = 5*i + 18. Let y(j) = -6*q(j) - 5*r(j). Let c be y(t). Calculate the highest common divisor of c and 91.
7
Let i(l) = 7*l**2 + 11*l - 404. Let y be i(45). Calculate the highest common divisor of y and 14.
14
Let o(z) = 20*z. Let v be o(2). Let k be 102 + 10*8/80. Suppose 73 + k = 11*y. What is the greatest common factor of v and y?
8
Suppose -105*t + 47869 + 14647 = -39859. What is the highest common factor of 260 and t?
65
Let x(p) = p**3 + 13*p**2 + 22*p - 6. Let f be x(-11). Let s be (-8)/(-20) + f/15. Suppose s = -3*j - 11 + 35. What is the greatest common divisor of j and 12?
4
Let r(l) = -2*l**3 - 2*l**2 + 4*l + 1. Let u be r(-3). Let o = 346 - 314. Suppose -6*g = -o*g + 5200. Calculate the highest common factor of u and g.
25
Suppose 0 = h - 5*h + 4. Let m be (-1 - h)*(-21 - 3)*1. Calculate the highest common factor of 80 and m.
16
Let w = -23 - -25. Suppose 0 = -0*k + 5*k + 240. Let o be 4 - 8 - k/w. What is the greatest common divisor of 8 and o?
4
Suppose 4*p - 4 + 0 = 0. Suppose -4*l - 251 = 65. Let z = l - -86. What is the highest common divisor of z and p?
1
Let p be 18*(-5 + ((-704)/(-40))/((-30)/(-25))). What is the greatest common factor of 725 and p?
29
Let o = 2117 - 2073. Let g = 337 + -227. Suppose -d + g = 4*d. What is the greatest common factor of o and d?
22
Let u(i) = 50*i + 16 - 14*i - 18*i - 124 + 46*i. Let s be u(3). Calculate the highest common divisor of s and 24.
12
Let a = 35 + -23. Suppose 0*t + 450 = 5*t. Let m = 102 - t. Calculate the highest common factor of a and m.
12
Let g(x) = x**2 + 36*x + 37. Let k be g(5). What is the highest common divisor of 26 and k?
2
Let o(r) = -279*r + 10. Let f be o(-3). Suppose -127 + f = 5*p. Suppose 2*i = 24*i - 352. Calculate the highest common divisor of p and i.
16
Let c be (-5 + 14 + -5)/4*92. Suppose -3*n + c = 4*s, 5*n - 4*s + s - 105 = 0. Calculate the greatest common factor of n and 54.
6
Suppose -4 = -3*g + 5*d, -8*g = -3*g + d - 16. Suppose g*w - 2 = 1126. What is the highest common divisor of 8 and w?
8
Suppose -8*m + 136 - 72 = 0. Let j(h) = -3*h + 139. Let v be j(m). What is the highest common divisor of 23 and v?
23
Let w = -174 - -192. Suppose -37 + 8 = -2*y + z, 2*y + 3*z = 9. What is the greatest common factor of y and w?
6
Let g be 36 + (-27)/((-378)/112). What is the highest common divisor of g and 3542?
22
Let p be 50/20*(13 + 5/1). Let m be 2883/8 - 6/16. Calculate the highest common divisor of p and m.
45
Let r be (-3 + 6)/(-3 + (-465)/(-154)). Suppose -t = 4*k - 42, 0 = -4*t - 3*k - 11 + 179. What is the greatest common divisor of r and t?
14
Let a = -45 - -59. Suppose 4*c = 4*j - 560, 5*j - 712 = a*c - 12*c. Calculate the highest common divisor of j and 36.
36
Let z = -4972 + 5050. Calculate the greatest common factor of z and 10647.
39
Let q = 259 + -256. Suppose 5*s - 67 - 29 = -q*z, 4*s = -5*z + 69. What is the highest common factor of 6 and s?
3
Let b = 1473 - 1367. Let y be (93 - -1)/(-2) - 2. Let n = y + b. Calculate the highest common divisor of n and 38.
19
Suppose 2*l + 156 = 744. Suppose 0 = -12*h - 189 + 693. What is the highest common divisor of l and h?
42
Suppose -c = -v + 1242 + 1368, 8*v = -5*c + 20880. What is the highest common factor of v and 270?
90
Let j(c) = 231*c**2 - 308*c + 41. Let v be j(8). Calculate the greatest common factor of 47 and v.
47
Let k be (-18)/12*16/(-6). Suppose -106 = -x - 2*x + d, -2*d = -k. Calculate the greatest common factor of 324 and x.
36
Suppose 1453*s - 1450*s = 5550. Calculate the greatest common factor of 74 and s.
74
Let r = -2092 - -2156. What is the highest common factor of r and 176?
16
Suppose 6*u - 144 = 2*u. Suppose 54393*j - 54419*j = -468. Calculate the greatest common divisor of j and u.
18
Suppose 4*o - 2778 = -698. Suppose -l = -11*r + 9*r - 34, 5*r + 65 = 2*l. What is the greatest common factor of l and o?
40
Let l(y) = y**2 - 11*y + 27. Let a be l(18). Let u be -1 - (6 + -12) - (-1200)/15. Calculate the highest common divisor of a and u.
17
Suppose -2*k + 5 = -5. Suppose 5*o + 4*j = 274, 0 = -k*o + 2*j + 2*j + 266. Calculate the highest common divisor of 6 and o.
6
Let u be (-2690)/(-10)*(26 + -7). What is the greatest common factor of u and 19?
19
Let t(y) = 14*y - 244. Let n be t(20). Let b be 13 - (16/24)/((-2)/(-3)). Calculate the highest common divisor of b and n.
12
Let k(v) = 49*v - 2362. Let c be k(55). Calculate the highest common divisor of c and 444.
111
Let o be 5*((-285)/(-25) - -5). Let k = -47 + o. Let i be (6 + -3)*(-42)/(-9). Calculate the highest common divisor of i and k.
7
Let s be (-3 - 28